2 - 721*z + 3620. Calculate x(5).
-10
Let o(h) = -51*h - 2653. Calculate o(-52).
-1
Let i(n) = -n**2 - 366*n + 6911. Give i(18).
-1
Let i(v) = -326*v + 11082. Determine i(34).
-2
Let b(c) = -161*c - 1277. Give b(-8).
11
Let j(p) = p**3 - 4*p**2 - 13*p - 38. Determine j(7).
18
Let a(h) = -877*h + 2618. Give a(3).
-13
Let c(r) = -15*r - 4. Calculate c(7).
-109
Let o(g) = -7*g - 329. Give o(-64).
119
Let t(y) = -y**2 + 3*y + 4. Determine t(-2).
-6
Let o(k) = -2*k**3 + 43*k**2 + 22*k + 7. What is o(22)?
7
Let g(t) = t**3 + 7*t**2 - 13*t - 37. Give g(-5).
78
Let u(z) = z**3 - 47*z**2 - 91*z - 232. Calculate u(49).
111
Let j(f) = 12*f**2 - 80*f - 15. What is j(7)?
13
Let a(m) = 3*m**3 - 12*m**2 - 9*m + 13. Give a(5).
43
Let m(q) = -16*q - 790. Give m(-46).
-54
Let s(h) = -3*h**2 - 11*h + 80. Calculate s(-11).
-162
Let z(m) = 3*m**3 - 180*m**2 + m - 52. What is z(60)?
8
Let f(j) = 45*j + 3200. Give f(-71).
5
Let n(g) = -20*g**2 + 24*g + 50. What is n(-2)?
-78
Let o(j) = 54*j**2 + 381*j + 60. Calculate o(-7).
39
Let a(p) = 2*p**3 - 358*p**2 - 3*p + 535. Give a(179).
-2
Let g(z) = 16*z**2 - 451*z + 17. Calculate g(28).
-67
Let t(m) = -m**3 - 71*m**2 + 381*m - 7. What is t(5)?
-2
Let w(z) = -446*z + 11163. Calculate w(25).
13
Let r(v) = 123447*v - 246895. Give r(2).
-1
Let h(o) = -o**3 - 15*o**2 - 38*o + 35. Determine h(-14).
371
Let a(s) = -s**3 + 115*s**2 - 858*s + 215. Give a(107).
1
Let l(i) = -74*i**2 + 447*i - 11. What is l(6)?
7
Let g(c) = c**2 + 15*c - 56. Determine g(-16).
-40
Let r(k) = k**2 - 139*k + 4800. Determine r(64).
0
Let u(x) = -2*x**2 - 122*x - 1773. Give u(-37).
3
Let q(h) = -6*h**2 - 77*h + 131. Determine q(-15).
-64
Let m(z) = -251*z + 4740. Calculate m(19).
-29
Let a(m) = 78*m + 3097. Give a(-41).
-101
Let x(l) = 17239*l - 86208. Give x(5).
-13
Let i(g) = -594*g - 389. Determine i(-2).
799
Let z(t) = -t**3 - 6*t**2 + 16*t + 37. Calculate z(-7).
-26
Let i(q) = -q**2 + 130*q + 955. What is i(137)?
-4
Let y(h) = h**3 - 46*h**2 + 333*h - 16. Calculate y(8).
216
Let c(m) = -2*m**2 + 713*m + 6207. What is c(365)?
2
Let o(i) = 3*i**3 - 18*i**2 - 27*i + 91. Give o(7).
49
Let x(q) = -6280*q - 288886. Give x(-46).
-6
Let c(w) = 2*w + 19. What is c(3)?
25
Let v(h) = 29*h - 345. Give v(13).
32
Let b(u) = 2*u**3 - 19*u**2 + 538*u - 4762. Give b(9).
-1
Let c(t) = 9545*t - 47742. Calculate c(5).
-17
Let d(x) = -x**3 + 9*x**2 + 70*x - 507. Give d(11).
21
Let q(z) = z**2 + 944*z + 10280. Calculate q(-11).
17
Let d(f) = 4*f**2 - 124*f + 1. Calculate d(31).
1
Let f(h) = -h**3 - 18*h**2 - 68*h + 112. Calculate f(-9).
-5
Let v(d) = -d**3 + 13*d**2 + 6*d + 36. Give v(14).
-76
Let i(n) = n**3 + 2*n**2 + 5*n + 32. Give i(-8).
-392
Let j(h) = -222*h + 1987. What is j(9)?
-11
Let h(k) = -k**3 - 21*k**2 - 74*k - 97. Determine h(-16).
-193
Let a(z) = -235*z - 1124. Calculate a(-7).
521
Let h(u) = -34*u - 1710. What is h(-45)?
-180
Let r(s) = -36*s**2 - 359*s - 19. Give r(-10).
-29
Let n(p) = 308*p + 19403. Give n(-63).
-1
Let s(p) = -p**3 + 30*p**2 - 58*p - 61. Give s(28).
-117
Let r(f) = f**3 + 12*f**2 + 46*f + 42. Give r(-4).
-14
Let c(y) = y**3 + 13*y**2 + 23*y + 31. Determine c(-8).
167
Let x(b) = 31*b - 795. Determine x(36).
321
Let f(a) = -a**3 - 133*a**2 + 545*a - 401. Determine f(-137).
10
Let u(z) = -3336*z + 23224. Determine u(7).
-128
Let d(m) = -39*m + 2617. Determine d(67).
4
Let v(m) = -404*m + 3273. Determine v(8).
41
Let g(o) = o**3 + 14*o**2 + 21*o - 63. What is g(-12)?
-27
Let y(v) = 11*v**3 - 57*v**2 - 3*v - 9. Calculate y(5).
-74
Let f(s) = 3*s**2 - 37*s + 107. Determine f(3).
23
Let c(o) = 157*o + 5655. Give c(-36).
3
Let z(h) = 224*h**2 - 6943*h - 11. What is z(31)?
20
Let p(s) = 22*s**3 + 6*s**2 + 13*s + 2. Give p(-2).
-176
Let z(l) = 3*l**2 - 79*l - 128. What is z(31)?
306
Let j(r) = 5*r**2 + 36*r - 78. Give j(-6).
-114
Let c(g) = -65*g**2 + 268*g + 533. What is c(-2)?
-263
Let d(t) = 6*t**2 - 118*t + 193. Determine d(18).
13
Let m(c) = -5*c**3 + 38*c**2 - 7*c + 10. Determine m(7).
108
Let w(f) = 1935*f - 17429. Give w(9).
-14
Let c(v) = 32*v**2 - 25*v + 8. Determine c(1).
15
Let n(a) = 49*a - 3214. Determine n(61).
-225
Let z(p) = -2*p**2 + 69*p + 93. Calculate z(35).
58
Let a(h) = -246*h - 5409. Give a(-22).
3
Let f(v) = v**3 + 22*v**2 - 381*v + 209. Determine f(11).
11
Let d(b) = -83*b - 2190. Determine d(-36).
798
Let f(x) = 11*x**2 + 574*x + 73. Determine f(-52).
-31
Let h(r) = -2*r**2 + 26*r - 125. Calculate h(6).
-41
Let k(y) = 80*y - 7866. What is k(98)?
-26
Let y(m) = -m**3 + 15*m**2 + 3*m - 49. What is y(14)?
189
Let w(c) = c**2 + 91*c + 656. Determine w(-8).
-8
Let f(r) = -r**3 + 10*r**2 + 5*r - 55. What is f(8)?
113
Let m(i) = -78*i - 947. Give m(-6).
-479
Let o(g) = g + 9. Determine o(1).
10
Let z(p) = -p - 11. Give z(8).
-19
Let q(v) = -v**3 - 52*v**2 - 239*v - 101. What is q(-47)?
87
Let b(o) = o**2 - 110*o + 2767. What is b(39)?
-2
Let r(c) = -2*c**2 + 96*c - 122. What is r(47)?
-28
Let i(n) = n**2 + 5*n - 104. Determine i(10).
46
Let j(f) = -233*f - 170. Calculate j(2).
-636
Let o(y) = y**3 + 25*y**2 + 51*y + 35. Determine o(-23).
-80
Let u(k) = 2*k**2 + 130*k + 677. What is u(-61)?
189
Let a(b) = 53*b - 660. What is a(20)?
400
Let j(h) = -h**3 - 16*h**2 + 163*h + 55. What is j(-23)?
9
Let y(j) = -3*j**2 - 22*j + 13. Calculate y(-2).
45
Let a(y) = 26*y**2 + 76*y - 11. Determine a(-3).
-5
Let y(a) = 6*a**2 - 84*a + 118. What is y(11)?
-80
Let a(y) = 2*y**3 - 21*y**2 - 62*y + 195. What is a(12)?
-117
Let l(r) = 183*r - 2577. Give l(12).
-381
Let t(x) = x**3 - 17*x**2 - 1487*x + 16. Calculate t(-31).
-15
Let y(s) = 113*s - 4444. Give y(39).
-37
Let g(s) = -s**2 + 6*s - 35. What is g(11)?
-90
Let k(g) = g**3 + 19*g**2 + 31*g + 245. What is k(-18)?
11
Let h(f) = 14*f - 1619. What is h(105)?
-149
Let d(j) = j**3 + 9*j**2 - 18*j - 41. What is d(-12)?
-257
Let w(y) = -3*y**2 + 57*y - 257. What is w(11)?
7
Let j(n) = n**3 - 33*n**2 + 166*n - 108. Determine j(27).
0
Let l(j) = -153*j + 1416. What is l(9)?
39
Let n(h) = 193*h + 1092. Calculate n(-6).
-66
Let z(c) = -12*c**3 - c**2 - 6*c + 10. Determine z(2).
-102
Let d(z) = z**2 - 33*z - 336. Calculate d(-8).
-8
Let r(g) = 4*g**2 - 8*g + 20. Give r(-6).
212
Let t(a) = -8*a**2 + 66*a - 76. What is t(7)?
-6
Let l(u) = 10*u - 79. Determine l(13).
51
Let s(j) = -53*j + 2011. Calculate s(39).
-56
Let q(n) = -19*n**2 - 173*n - 17. What is q(-9)?
1
Let o(x) = -x**3 + 22*x**2 - 54*x - 12. Give o(19).
45
Let l(o) = o**3 - 19*o**2 + 56. Calculate l(19).
56
Let f(y) = y**2 - 450*y + 3535. What is f(8)?
-1
Let b(m) = -3*m**3 + 41*m**2 - 72*m - 185. Determine b(4).
-9
Let w(t) = 54*t + 3609. Determine w(-67).
-9
Let h(o) = -18*o + 229. Determine h(13).
-5
Let q(z) = 5*z**3 - 2*z**2 + 19*z - 59. Give q(2).
11
Let o(f) = -f**3 - 13*f**2 + 228*f - 49. Give o(-23).
-3
Let d(p) = -p**2 - 40*p + 264. Determine d(6).
-12
Let a(h) = 16*h + 330. Calculate a(-21).
-6
Let y(s) = 79*s**2 + 77*s + 1. What is y(-1)?
3
Let n(z) = 2*z**2 - 10*z - 76. Give n(-6).
56
Let u(h) = h**2 - 68*h - 6940. Calculate u(-56).
4
Let g(s) = 353*s - 22920. Give g(65).
25
Let j(u) = u**2 + 13*u - 680. Give j(20).
-20
Let h(v) = -5*v**2 + 111*v - 30. Calculate h(22).
-8
Let g(b) = -68*b - 101. Determine g(7).
-577
Let v(u) = -21*u**2 + 452*u + 263. Calculate v(22).
43
Let f(s) = -s**2 + 27*s - 32. Determine f(33).
-230
Let i(a) = -124*a + 4458. Determine i(36).
-6
Let q(d) = -d**2 - 4742*d + 47514. Calculate q(10).
-6
Let q(u) = -189*u + 3438. Calculate q(18).
36
Let l(k) = -50*k - 498. What is l(15)?
-1248
Let i(d) = 256*d - 27907. Calculate i(109).
-3
Let i(p) = 56*p**2 + 2*p - 21. Determine i(-2).
199
Let c(t) = 3*t**2 - 12*t + 8. What is c(4)?
8
Let q(g) = 2214*g - 181544. What is q(82)?
4
Let m(h) = 740*h - 42922. Give m(58).
-2
Let s(t) = -t**2 - 4377*t - 21877. Give s(-5).
-17
Let z(p) = 61*p**2 + 399*p + 218. What is z(-6)?
20
Let h(q) = -2*q - 130. Give h(-75).
20
Let p(b) = -3*b**3 - b**2 + 31*b - 61. Give p(2).
-27
Let q(d) = 29*d + 23. Determine q(-3).
-64
Let t(d) = 5*d**2 + 20*d + 29. Determine t(-3).
14
Let m(n) = -62*n + 246. Determine m(3).
60
Let a(g) = g**2 + 182*g - 925. Calculate a(-187).
10
Let c(s) = -1047*s + 11536. Calculate c(11).
19
Let y(w) = -w**3 - 41*w**2 + 45*w + 90. Determine y(-42).
-3